{"id":1525,"date":"2025-03-20T12:05:44","date_gmt":"2025-03-20T11:05:44","guid":{"rendered":"https:\/\/317957.peda.univ-lille.fr\/?post_type=product&#038;p=1525"},"modified":"2025-03-20T14:28:06","modified_gmt":"2025-03-20T13:28:06","slug":"poudre-dagrumes","status":"publish","type":"product","link":"https:\/\/317957.peda.univ-lille.fr\/?product=poudre-dagrumes","title":{"rendered":"Poudre d\u2019agrumes"},"content":{"rendered":"<p>Ajoutez une touche de fra\u00eecheur et de vitalit\u00e9 \u00e0 votre quotidien avec notre Poudre de Citron 100% Naturelle. Riche en vitamine C et en antioxydants, elle est id\u00e9ale pour renforcer l\u2019immunit\u00e9, faciliter la digestion et parfumer vos plats et boissons avec une saveur citronn\u00e9e intense.<\/p>\n<p>Source naturelle de vitamine C : Soutient le syst\u00e8me immunitaire et lutte contre la fatigue.<\/p>\n<p>Effet d\u00e9toxifiant : Favorise une bonne digestion et aide \u00e0 \u00e9liminer les toxines.<\/p>\n<p>Polyvalente et pratique : Parfaite pour les boissons, les p\u00e2tisseries, les sauces et les marinades.<br \/>\n100% naturelle : Sans additifs, sans conservateurs, sans sucres ajout\u00e9s.<\/p>\n","protected":false},"excerpt":{"rendered":"<p>Ajoutez une touche de fra\u00eecheur et de vitalit\u00e9 \u00e0 votre quotidien avec notre Poudre de Citron 100% Naturelle. Riche en vitamine C et en antioxydants, elle est id\u00e9ale pour renforcer l\u2019immunit\u00e9, faciliter la digestion et parfumer vos plats et boissons avec une saveur citronn\u00e9e intense.Source naturelle de vitamine C : Soutient le syst\u00e8me immunitaire et lutte contre la fatigue.Effet d\u00e9toxifiant : Favorise une bonne digestion et aide \u00e0 \u00e9liminer les toxines.Polyvalente et pratique : Parfaite pour les boissons, les p\u00e2tisseries, les sauces et les marinades.100% naturelle : Sans additifs, sans conservateurs, sans sucres ajout\u00e9s.<\/p>\n<p><strong>Utilisation <\/strong><\/p>\n<p>En boisson : Ajoutez 1\/2 cuill\u00e8re \u00e0 caf\u00e9 dans de l\u2019eau, du th\u00e9, des smoothies ou des jus. \u2022 En cuisine : Saupoudrez sur vos plats, desserts, yaourts ou pr\u00e9parations culinaires. \u2022 En soin beaut\u00e9 : M\u00e9langez avec du miel ou du yaourt pour un masque \u00e9clat naturel.<\/p>\n","protected":false},"featured_media":1509,"comment_status":"open","ping_status":"closed","template":"","meta":[],"product_brand":[],"product_cat":[39,40],"product_tag":[],"class_list":{"0":"post-1525","1":"product","2":"type-product","3":"status-publish","4":"has-post-thumbnail","6":"product_cat-beaute-et-routine-skincare","7":"product_cat-bien-etre","9":"first","10":"instock","11":"shipping-taxable","12":"purchasable","13":"product-type-simple"},"yoast_head":"<!-- This site is optimized with the Yoast SEO plugin v24.7 - https:\/\/yoast.com\/wordpress\/plugins\/seo\/ -->\n<title>Poudre d\u2019agrumes - LR Health and Beauty By NFD<\/title>\n<meta name=\"description\" content=\"Ajoutez une touche de fra\u00eecheur et de vitalit\u00e9 \u00e0 votre quotidien avec notre Poudre de Citron 100% Naturelle. Riche en vitamine C et en antioxydants, elle est id\u00e9ale pour renforcer l\u2019immunit\u00e9, faciliter la digestion et parfumer vos plats et boissons avec une saveur citronn\u00e9e intense.Source naturelle de vitamine C : Soutient le syst\u00e8me immunitaire et lutte contre la fatigue.Effet d\u00e9toxifiant : Favorise une bonne digestion et aide \u00e0 \u00e9liminer les toxines.Polyvalente et pratique : Parfaite pour les boissons, les p\u00e2tisseries, les sauces et les marinades.100% naturelle : Sans additifs, sans conservateurs, sans sucres ajout\u00e9s. En boisson : Ajoutez 1\/2 cuill\u00e8re \u00e0 caf\u00e9 dans de l\u2019eau, du th\u00e9, des smoothies ou des jus. \u2022 En cuisine : Saupoudrez sur vos plats, desserts, yaourts ou pr\u00e9parations culinaires. \u2022 En soin beaut\u00e9 : M\u00e9langez avec du miel ou du yaourt pour un masque \u00e9clat naturel.\" \/>\n<meta name=\"robots\" content=\"index, follow, max-snippet:-1, max-image-preview:large, max-video-preview:-1\" \/>\n<link rel=\"canonical\" href=\"https:\/\/317957.peda.univ-lille.fr\/?product=poudre-dagrumes\" \/>\n<meta property=\"og:locale\" content=\"fr_FR\" \/>\n<meta property=\"og:type\" content=\"article\" \/>\n<meta property=\"og:title\" content=\"Poudre d\u2019agrumes - LR Health and Beauty By NFD\" \/>\n<meta property=\"og:description\" content=\"Ajoutez une touche de fra\u00eecheur et de vitalit\u00e9 \u00e0 votre quotidien avec notre Poudre de Citron 100% Naturelle. Riche en vitamine C et en antioxydants, elle est id\u00e9ale pour renforcer l\u2019immunit\u00e9, faciliter la digestion et parfumer vos plats et boissons avec une saveur citronn\u00e9e intense.Source naturelle de vitamine C : Soutient le syst\u00e8me immunitaire et lutte contre la fatigue.Effet d\u00e9toxifiant : Favorise une bonne digestion et aide \u00e0 \u00e9liminer les toxines.Polyvalente et pratique : Parfaite pour les boissons, les p\u00e2tisseries, les sauces et les marinades.100% naturelle : Sans additifs, sans conservateurs, sans sucres ajout\u00e9s. En boisson : Ajoutez 1\/2 cuill\u00e8re \u00e0 caf\u00e9 dans de l\u2019eau, du th\u00e9, des smoothies ou des jus. \u2022 En cuisine : Saupoudrez sur vos plats, desserts, yaourts ou pr\u00e9parations culinaires. \u2022 En soin beaut\u00e9 : M\u00e9langez avec du miel ou du yaourt pour un masque \u00e9clat naturel.\" \/>\n<meta property=\"og:url\" content=\"https:\/\/317957.peda.univ-lille.fr\/?product=poudre-dagrumes\" \/>\n<meta property=\"og:site_name\" content=\"LR Health and Beauty By NFD\" \/>\n<meta property=\"article:modified_time\" content=\"2025-03-20T13:28:06+00:00\" \/>\n<meta property=\"og:image\" content=\"https:\/\/317957.peda.univ-lille.fr\/wp-content\/uploads\/2025\/03\/mandarine.jpg\" \/>\n\t<meta property=\"og:image:width\" content=\"600\" \/>\n\t<meta property=\"og:image:height\" content=\"600\" \/>\n\t<meta property=\"og:image:type\" content=\"image\/jpeg\" \/>\n<meta name=\"twitter:card\" content=\"summary_large_image\" \/>\n<meta name=\"twitter:label1\" content=\"Dur\u00e9e de lecture estim\u00e9e\" \/>\n\t<meta name=\"twitter:data1\" content=\"1 minute\" \/>\n<script type=\"application\/ld+json\" class=\"yoast-schema-graph\">{\"@context\":\"https:\/\/schema.org\",\"@graph\":[{\"@type\":\"WebPage\",\"@id\":\"https:\/\/317957.peda.univ-lille.fr\/?product=poudre-dagrumes\",\"url\":\"https:\/\/317957.peda.univ-lille.fr\/?product=poudre-dagrumes\",\"name\":\"Poudre d\u2019agrumes - LR Health and Beauty By NFD\",\"isPartOf\":{\"@id\":\"https:\/\/317957.peda.univ-lille.fr\/#website\"},\"primaryImageOfPage\":{\"@id\":\"https:\/\/317957.peda.univ-lille.fr\/?product=poudre-dagrumes#primaryimage\"},\"image\":{\"@id\":\"https:\/\/317957.peda.univ-lille.fr\/?product=poudre-dagrumes#primaryimage\"},\"thumbnailUrl\":\"https:\/\/317957.peda.univ-lille.fr\/wp-content\/uploads\/2025\/03\/mandarine.jpg\",\"datePublished\":\"2025-03-20T11:05:44+00:00\",\"dateModified\":\"2025-03-20T13:28:06+00:00\",\"description\":\"Ajoutez une touche de fra\u00eecheur et de vitalit\u00e9 \u00e0 votre quotidien avec notre Poudre de Citron 100% Naturelle. Riche en vitamine C et en antioxydants, elle est id\u00e9ale pour renforcer l\u2019immunit\u00e9, faciliter la digestion et parfumer vos plats et boissons avec une saveur citronn\u00e9e intense.Source naturelle de vitamine C : Soutient le syst\u00e8me immunitaire et lutte contre la fatigue.Effet d\u00e9toxifiant : Favorise une bonne digestion et aide \u00e0 \u00e9liminer les toxines.Polyvalente et pratique : Parfaite pour les boissons, les p\u00e2tisseries, les sauces et les marinades.100% naturelle : Sans additifs, sans conservateurs, sans sucres ajout\u00e9s. En boisson : Ajoutez 1\/2 cuill\u00e8re \u00e0 caf\u00e9 dans de l\u2019eau, du th\u00e9, des smoothies ou des jus. \u2022 En cuisine : Saupoudrez sur vos plats, desserts, yaourts ou pr\u00e9parations culinaires. \u2022 En soin beaut\u00e9 : M\u00e9langez avec du miel ou du yaourt pour un masque \u00e9clat naturel.\",\"breadcrumb\":{\"@id\":\"https:\/\/317957.peda.univ-lille.fr\/?product=poudre-dagrumes#breadcrumb\"},\"inLanguage\":\"fr-FR\",\"potentialAction\":[{\"@type\":\"ReadAction\",\"target\":[\"https:\/\/317957.peda.univ-lille.fr\/?product=poudre-dagrumes\"]}]},{\"@type\":\"ImageObject\",\"inLanguage\":\"fr-FR\",\"@id\":\"https:\/\/317957.peda.univ-lille.fr\/?product=poudre-dagrumes#primaryimage\",\"url\":\"https:\/\/317957.peda.univ-lille.fr\/wp-content\/uploads\/2025\/03\/mandarine.jpg\",\"contentUrl\":\"https:\/\/317957.peda.univ-lille.fr\/wp-content\/uploads\/2025\/03\/mandarine.jpg\",\"width\":600,\"height\":600},{\"@type\":\"BreadcrumbList\",\"@id\":\"https:\/\/317957.peda.univ-lille.fr\/?product=poudre-dagrumes#breadcrumb\",\"itemListElement\":[{\"@type\":\"ListItem\",\"position\":1,\"name\":\"Accueil\",\"item\":\"https:\/\/317957.peda.univ-lille.fr\/\"},{\"@type\":\"ListItem\",\"position\":2,\"name\":\"Boutique\",\"item\":\"https:\/\/317957.peda.univ-lille.fr\/?page_id=1484\"},{\"@type\":\"ListItem\",\"position\":3,\"name\":\"Poudre d\u2019agrumes\"}]},{\"@type\":\"WebSite\",\"@id\":\"https:\/\/317957.peda.univ-lille.fr\/#website\",\"url\":\"https:\/\/317957.peda.univ-lille.fr\/\",\"name\":\"LR Health and Beauty By NFD\",\"description\":\"Votre bien-\u00eatre en temps r\u00e9el\",\"publisher\":{\"@id\":\"https:\/\/317957.peda.univ-lille.fr\/#organization\"},\"potentialAction\":[{\"@type\":\"SearchAction\",\"target\":{\"@type\":\"EntryPoint\",\"urlTemplate\":\"https:\/\/317957.peda.univ-lille.fr\/?s={search_term_string}\"},\"query-input\":{\"@type\":\"PropertyValueSpecification\",\"valueRequired\":true,\"valueName\":\"search_term_string\"}}],\"inLanguage\":\"fr-FR\"},{\"@type\":\"Organization\",\"@id\":\"https:\/\/317957.peda.univ-lille.fr\/#organization\",\"name\":\"LR Health and Beauty By NFD\",\"url\":\"https:\/\/317957.peda.univ-lille.fr\/\",\"logo\":{\"@type\":\"ImageObject\",\"inLanguage\":\"fr-FR\",\"@id\":\"https:\/\/317957.peda.univ-lille.fr\/#\/schema\/logo\/image\/\",\"url\":\"https:\/\/317957.peda.univ-lille.fr\/wp-content\/uploads\/2025\/04\/Logo-pour-un-Institut-de-beaute.png\",\"contentUrl\":\"https:\/\/317957.peda.univ-lille.fr\/wp-content\/uploads\/2025\/04\/Logo-pour-un-Institut-de-beaute.png\",\"width\":500,\"height\":500,\"caption\":\"LR Health and Beauty By NFD\"},\"image\":{\"@id\":\"https:\/\/317957.peda.univ-lille.fr\/#\/schema\/logo\/image\/\"}}]}<\/script>\n<!-- \/ Yoast SEO plugin. -->","yoast_head_json":{"title":"Poudre d\u2019agrumes - LR Health and Beauty By NFD","description":"Ajoutez une touche de fra\u00eecheur et de vitalit\u00e9 \u00e0 votre quotidien avec notre Poudre de Citron 100% Naturelle. Riche en vitamine C et en antioxydants, elle est id\u00e9ale pour renforcer l\u2019immunit\u00e9, faciliter la digestion et parfumer vos plats et boissons avec une saveur citronn\u00e9e intense.Source naturelle de vitamine C : Soutient le syst\u00e8me immunitaire et lutte contre la fatigue.Effet d\u00e9toxifiant : Favorise une bonne digestion et aide \u00e0 \u00e9liminer les toxines.Polyvalente et pratique : Parfaite pour les boissons, les p\u00e2tisseries, les sauces et les marinades.100% naturelle : Sans additifs, sans conservateurs, sans sucres ajout\u00e9s. En boisson : Ajoutez 1\/2 cuill\u00e8re \u00e0 caf\u00e9 dans de l\u2019eau, du th\u00e9, des smoothies ou des jus. \u2022 En cuisine : Saupoudrez sur vos plats, desserts, yaourts ou pr\u00e9parations culinaires. \u2022 En soin beaut\u00e9 : M\u00e9langez avec du miel ou du yaourt pour un masque \u00e9clat naturel.","robots":{"index":"index","follow":"follow","max-snippet":"max-snippet:-1","max-image-preview":"max-image-preview:large","max-video-preview":"max-video-preview:-1"},"canonical":"https:\/\/317957.peda.univ-lille.fr\/?product=poudre-dagrumes","og_locale":"fr_FR","og_type":"article","og_title":"Poudre d\u2019agrumes - LR Health and Beauty By NFD","og_description":"Ajoutez une touche de fra\u00eecheur et de vitalit\u00e9 \u00e0 votre quotidien avec notre Poudre de Citron 100% Naturelle. Riche en vitamine C et en antioxydants, elle est id\u00e9ale pour renforcer l\u2019immunit\u00e9, faciliter la digestion et parfumer vos plats et boissons avec une saveur citronn\u00e9e intense.Source naturelle de vitamine C : Soutient le syst\u00e8me immunitaire et lutte contre la fatigue.Effet d\u00e9toxifiant : Favorise une bonne digestion et aide \u00e0 \u00e9liminer les toxines.Polyvalente et pratique : Parfaite pour les boissons, les p\u00e2tisseries, les sauces et les marinades.100% naturelle : Sans additifs, sans conservateurs, sans sucres ajout\u00e9s. En boisson : Ajoutez 1\/2 cuill\u00e8re \u00e0 caf\u00e9 dans de l\u2019eau, du th\u00e9, des smoothies ou des jus. \u2022 En cuisine : Saupoudrez sur vos plats, desserts, yaourts ou pr\u00e9parations culinaires. \u2022 En soin beaut\u00e9 : M\u00e9langez avec du miel ou du yaourt pour un masque \u00e9clat naturel.","og_url":"https:\/\/317957.peda.univ-lille.fr\/?product=poudre-dagrumes","og_site_name":"LR Health and Beauty By NFD","article_modified_time":"2025-03-20T13:28:06+00:00","og_image":[{"width":600,"height":600,"url":"https:\/\/317957.peda.univ-lille.fr\/wp-content\/uploads\/2025\/03\/mandarine.jpg","type":"image\/jpeg"}],"twitter_card":"summary_large_image","twitter_misc":{"Dur\u00e9e de lecture estim\u00e9e":"1 minute"},"schema":{"@context":"https:\/\/schema.org","@graph":[{"@type":"WebPage","@id":"https:\/\/317957.peda.univ-lille.fr\/?product=poudre-dagrumes","url":"https:\/\/317957.peda.univ-lille.fr\/?product=poudre-dagrumes","name":"Poudre d\u2019agrumes - LR Health and Beauty By NFD","isPartOf":{"@id":"https:\/\/317957.peda.univ-lille.fr\/#website"},"primaryImageOfPage":{"@id":"https:\/\/317957.peda.univ-lille.fr\/?product=poudre-dagrumes#primaryimage"},"image":{"@id":"https:\/\/317957.peda.univ-lille.fr\/?product=poudre-dagrumes#primaryimage"},"thumbnailUrl":"https:\/\/317957.peda.univ-lille.fr\/wp-content\/uploads\/2025\/03\/mandarine.jpg","datePublished":"2025-03-20T11:05:44+00:00","dateModified":"2025-03-20T13:28:06+00:00","description":"Ajoutez une touche de fra\u00eecheur et de vitalit\u00e9 \u00e0 votre quotidien avec notre Poudre de Citron 100% Naturelle. Riche en vitamine C et en antioxydants, elle est id\u00e9ale pour renforcer l\u2019immunit\u00e9, faciliter la digestion et parfumer vos plats et boissons avec une saveur citronn\u00e9e intense.Source naturelle de vitamine C : Soutient le syst\u00e8me immunitaire et lutte contre la fatigue.Effet d\u00e9toxifiant : Favorise une bonne digestion et aide \u00e0 \u00e9liminer les toxines.Polyvalente et pratique : Parfaite pour les boissons, les p\u00e2tisseries, les sauces et les marinades.100% naturelle : Sans additifs, sans conservateurs, sans sucres ajout\u00e9s. En boisson : Ajoutez 1\/2 cuill\u00e8re \u00e0 caf\u00e9 dans de l\u2019eau, du th\u00e9, des smoothies ou des jus. \u2022 En cuisine : Saupoudrez sur vos plats, desserts, yaourts ou pr\u00e9parations culinaires. \u2022 En soin beaut\u00e9 : M\u00e9langez avec du miel ou du yaourt pour un masque \u00e9clat naturel.","breadcrumb":{"@id":"https:\/\/317957.peda.univ-lille.fr\/?product=poudre-dagrumes#breadcrumb"},"inLanguage":"fr-FR","potentialAction":[{"@type":"ReadAction","target":["https:\/\/317957.peda.univ-lille.fr\/?product=poudre-dagrumes"]}]},{"@type":"ImageObject","inLanguage":"fr-FR","@id":"https:\/\/317957.peda.univ-lille.fr\/?product=poudre-dagrumes#primaryimage","url":"https:\/\/317957.peda.univ-lille.fr\/wp-content\/uploads\/2025\/03\/mandarine.jpg","contentUrl":"https:\/\/317957.peda.univ-lille.fr\/wp-content\/uploads\/2025\/03\/mandarine.jpg","width":600,"height":600},{"@type":"BreadcrumbList","@id":"https:\/\/317957.peda.univ-lille.fr\/?product=poudre-dagrumes#breadcrumb","itemListElement":[{"@type":"ListItem","position":1,"name":"Accueil","item":"https:\/\/317957.peda.univ-lille.fr\/"},{"@type":"ListItem","position":2,"name":"Boutique","item":"https:\/\/317957.peda.univ-lille.fr\/?page_id=1484"},{"@type":"ListItem","position":3,"name":"Poudre d\u2019agrumes"}]},{"@type":"WebSite","@id":"https:\/\/317957.peda.univ-lille.fr\/#website","url":"https:\/\/317957.peda.univ-lille.fr\/","name":"LR Health and Beauty By NFD","description":"Votre bien-\u00eatre en temps r\u00e9el","publisher":{"@id":"https:\/\/317957.peda.univ-lille.fr\/#organization"},"potentialAction":[{"@type":"SearchAction","target":{"@type":"EntryPoint","urlTemplate":"https:\/\/317957.peda.univ-lille.fr\/?s={search_term_string}"},"query-input":{"@type":"PropertyValueSpecification","valueRequired":true,"valueName":"search_term_string"}}],"inLanguage":"fr-FR"},{"@type":"Organization","@id":"https:\/\/317957.peda.univ-lille.fr\/#organization","name":"LR Health and Beauty By NFD","url":"https:\/\/317957.peda.univ-lille.fr\/","logo":{"@type":"ImageObject","inLanguage":"fr-FR","@id":"https:\/\/317957.peda.univ-lille.fr\/#\/schema\/logo\/image\/","url":"https:\/\/317957.peda.univ-lille.fr\/wp-content\/uploads\/2025\/04\/Logo-pour-un-Institut-de-beaute.png","contentUrl":"https:\/\/317957.peda.univ-lille.fr\/wp-content\/uploads\/2025\/04\/Logo-pour-un-Institut-de-beaute.png","width":500,"height":500,"caption":"LR Health and Beauty By NFD"},"image":{"@id":"https:\/\/317957.peda.univ-lille.fr\/#\/schema\/logo\/image\/"}}]}},"_links":{"self":[{"href":"https:\/\/317957.peda.univ-lille.fr\/index.php?rest_route=\/wp\/v2\/product\/1525","targetHints":{"allow":["GET"]}}],"collection":[{"href":"https:\/\/317957.peda.univ-lille.fr\/index.php?rest_route=\/wp\/v2\/product"}],"about":[{"href":"https:\/\/317957.peda.univ-lille.fr\/index.php?rest_route=\/wp\/v2\/types\/product"}],"replies":[{"embeddable":true,"href":"https:\/\/317957.peda.univ-lille.fr\/index.php?rest_route=%2Fwp%2Fv2%2Fcomments&post=1525"}],"wp:featuredmedia":[{"embeddable":true,"href":"https:\/\/317957.peda.univ-lille.fr\/index.php?rest_route=\/wp\/v2\/media\/1509"}],"wp:attachment":[{"href":"https:\/\/317957.peda.univ-lille.fr\/index.php?rest_route=%2Fwp%2Fv2%2Fmedia&parent=1525"}],"wp:term":[{"taxonomy":"product_brand","embeddable":true,"href":"https:\/\/317957.peda.univ-lille.fr\/index.php?rest_route=%2Fwp%2Fv2%2Fproduct_brand&post=1525"},{"taxonomy":"product_cat","embeddable":true,"href":"https:\/\/317957.peda.univ-lille.fr\/index.php?rest_route=%2Fwp%2Fv2%2Fproduct_cat&post=1525"},{"taxonomy":"product_tag","embeddable":true,"href":"https:\/\/317957.peda.univ-lille.fr\/index.php?rest_route=%2Fwp%2Fv2%2Fproduct_tag&post=1525"}],"curies":[{"name":"wp","href":"https:\/\/api.w.org\/{rel}","templated":true}]}}